{"id":384,"date":"2025-10-13T17:28:13","date_gmt":"2025-10-13T18:28:13","guid":{"rendered":"https:\/\/socialdevelopmenthub.org\/?page_id=384"},"modified":"2025-10-13T17:28:13","modified_gmt":"2025-10-13T18:28:13","slug":"orlando-mascarenhas","status":"publish","type":"page","link":"https:\/\/socialdevelopmenthub.org\/en\/orlando-mascarenhas\/","title":{"rendered":"Orlando Mascarenhas"},"content":{"rendered":"<div class=\"wp-block-image\">\n<figure class=\"alignleft size-full\"><img loading=\"lazy\" decoding=\"async\" width=\"345\" height=\"356\" src=\"https:\/\/socialdevelopmenthub.org\/wp-content\/uploads\/2025\/10\/image-9.png\" alt=\"\" class=\"wp-image-385\" srcset=\"https:\/\/socialdevelopmenthub.org\/wp-content\/uploads\/2025\/10\/image-9.png 345w, https:\/\/socialdevelopmenthub.org\/wp-content\/uploads\/2025\/10\/image-9-291x300.png 291w\" sizes=\"auto, (max-width: 345px) 100vw, 345px\" \/><\/figure>\n<\/div>\n\n\n<p><strong>Orlando Mascarenhas \u2014 President of the General Assembly<\/strong><\/p>\n\n\n\n<p>With a career marked by public service, entrepreneurship, and civic and sporting involvement, Orlando Mascarenhas is a leading figure in the social and economic landscape of Cape Verde. In 2015, he was decorated by His Excellency the President of the Republic, Dr. Jorge Carlos de Almeida Fonseca, with the Second Degree of the Order of the Dragon Tree, in recognition of his remarkable contribution to the construction of a free, just, and supportive society. At 90 years old, he maintains a dynamic and inspiring activity, continuing to contribute to social development, especially in sports and at SOS Children&#039;s Villages Cape Verde. Orlando Mascarenhas embraces the role of Social Sustainability.<\/p>","protected":false},"excerpt":{"rendered":"<p>Orlando Mascarenhas \u2014 Presidente da Mesa da Assembleia Geral Com uma carreira marcada pelo servi\u00e7o p\u00fablico, empreendedorismo e envolvimento c\u00edvico e desportivo, Orlando Mascarenhas \u00e9 uma figura de refer\u00eancia no panorama social e econ\u00f3mico de Cabo Verde. Em 2015, foi condecorado por Sua Excel\u00eancia o Presidente da Rep\u00fablica, Dr. Jorge Carlos de Almeida Fonseca, com&hellip;&nbsp;<\/p>","protected":false},"author":1,"featured_media":0,"parent":0,"menu_order":0,"comment_status":"closed","ping_status":"closed","template":"","meta":{"neve_meta_sidebar":"","neve_meta_container":"","neve_meta_enable_content_width":"","neve_meta_content_width":0,"neve_meta_title_alignment":"","neve_meta_author_avatar":"","neve_post_elements_order":"","neve_meta_disable_header":"","neve_meta_disable_footer":"","neve_meta_disable_title":"","neve_meta_reading_time":"","_themeisle_gutenberg_block_has_review":false,"footnotes":""},"class_list":["post-384","page","type-page","status-publish","hentry"],"_links":{"self":[{"href":"https:\/\/socialdevelopmenthub.org\/en\/wp-json\/wp\/v2\/pages\/384","targetHints":{"allow":["GET"]}}],"collection":[{"href":"https:\/\/socialdevelopmenthub.org\/en\/wp-json\/wp\/v2\/pages"}],"about":[{"href":"https:\/\/socialdevelopmenthub.org\/en\/wp-json\/wp\/v2\/types\/page"}],"author":[{"embeddable":true,"href":"https:\/\/socialdevelopmenthub.org\/en\/wp-json\/wp\/v2\/users\/1"}],"replies":[{"embeddable":true,"href":"https:\/\/socialdevelopmenthub.org\/en\/wp-json\/wp\/v2\/comments?post=384"}],"version-history":[{"count":1,"href":"https:\/\/socialdevelopmenthub.org\/en\/wp-json\/wp\/v2\/pages\/384\/revisions"}],"predecessor-version":[{"id":386,"href":"https:\/\/socialdevelopmenthub.org\/en\/wp-json\/wp\/v2\/pages\/384\/revisions\/386"}],"wp:attachment":[{"href":"https:\/\/socialdevelopmenthub.org\/en\/wp-json\/wp\/v2\/media?parent=384"}],"curies":[{"name":"wp","href":"https:\/\/api.w.org\/{rel}","templated":true}]}}

<p>Orlando Mascarenhas — Presidente da Mesa da Assembleia Geral Com uma carreira marcada pelo serviço público, empreendedorismo e envolvimento cívico e desportivo, Orlando Mascarenhas é uma figura de referência no panorama social e económico de Cabo Verde. Em 2015, foi condecorado por Sua Excelência o Presidente da República, Dr. Jorge Carlos de Almeida Fonseca, com&hellip;&nbsp;</p>
