{"id":387,"date":"2025-10-13T17:28:41","date_gmt":"2025-10-13T18:28:41","guid":{"rendered":"https:\/\/socialdevelopmenthub.org\/?page_id=387"},"modified":"2025-10-13T17:28:41","modified_gmt":"2025-10-13T18:28:41","slug":"vera-duarte","status":"publish","type":"page","link":"https:\/\/socialdevelopmenthub.org\/en\/vera-duarte\/","title":{"rendered":"Vera Duarte"},"content":{"rendered":"<div class=\"wp-block-image\">\n<figure class=\"alignleft size-full\"><img loading=\"lazy\" decoding=\"async\" width=\"253\" height=\"379\" src=\"https:\/\/socialdevelopmenthub.org\/wp-content\/uploads\/2025\/10\/image-10.png\" alt=\"\" class=\"wp-image-388\" srcset=\"https:\/\/socialdevelopmenthub.org\/wp-content\/uploads\/2025\/10\/image-10.png 253w, https:\/\/socialdevelopmenthub.org\/wp-content\/uploads\/2025\/10\/image-10-200x300.png 200w\" sizes=\"auto, (max-width: 253px) 100vw, 253px\" \/><\/figure>\n<\/div>\n\n\n<p><strong>Vera Duarte \u2014 Vice-President of the General Assembly Board<\/strong><\/p>\n\n\n\n<p>Vera Duarte, the first woman to serve on the Supreme Court of Justice of Cape Verde as a judge, was also a Commissioner of the African Commission on Human and Peoples&#039; Rights (ACHPR), standing out for her defense of fundamental freedoms on the African continent. A renowned writer, her work\u2014which includes poetry, novels, and essays\u2014reflects a life of commitment to justice, literature, and social activism. Vera Duarte&#039;s writing is imbued with a profound ethical and human sense, addressing themes such as dignity, equality, and the construction of a more just society. Vera Duarte embraces the role of Culture and Legacy.<\/p>","protected":false},"excerpt":{"rendered":"<p>Vera Duarte \u2014 Vice-presidente da Mesa da Assembleia Geral Primeira mulher a integrar o Supremo Tribunal de Justi\u00e7a de Cabo Verde como ju\u00edza desembargadora, Vera Duarte foi tamb\u00e9m Comiss\u00e1ria da Comiss\u00e3o Africana dos Direitos Humanos e dos Povos (CADHP), destacando-se pela defesa das liberdades fundamentais no continente africano. Escritora consagrada, a sua obra \u2014 que&hellip;&nbsp;<\/p>","protected":false},"author":1,"featured_media":0,"parent":0,"menu_order":0,"comment_status":"closed","ping_status":"closed","template":"","meta":{"neve_meta_sidebar":"","neve_meta_container":"","neve_meta_enable_content_width":"","neve_meta_content_width":0,"neve_meta_title_alignment":"","neve_meta_author_avatar":"","neve_post_elements_order":"","neve_meta_disable_header":"","neve_meta_disable_footer":"","neve_meta_disable_title":"","neve_meta_reading_time":"","_themeisle_gutenberg_block_has_review":false,"footnotes":""},"class_list":["post-387","page","type-page","status-publish","hentry"],"_links":{"self":[{"href":"https:\/\/socialdevelopmenthub.org\/en\/wp-json\/wp\/v2\/pages\/387","targetHints":{"allow":["GET"]}}],"collection":[{"href":"https:\/\/socialdevelopmenthub.org\/en\/wp-json\/wp\/v2\/pages"}],"about":[{"href":"https:\/\/socialdevelopmenthub.org\/en\/wp-json\/wp\/v2\/types\/page"}],"author":[{"embeddable":true,"href":"https:\/\/socialdevelopmenthub.org\/en\/wp-json\/wp\/v2\/users\/1"}],"replies":[{"embeddable":true,"href":"https:\/\/socialdevelopmenthub.org\/en\/wp-json\/wp\/v2\/comments?post=387"}],"version-history":[{"count":1,"href":"https:\/\/socialdevelopmenthub.org\/en\/wp-json\/wp\/v2\/pages\/387\/revisions"}],"predecessor-version":[{"id":389,"href":"https:\/\/socialdevelopmenthub.org\/en\/wp-json\/wp\/v2\/pages\/387\/revisions\/389"}],"wp:attachment":[{"href":"https:\/\/socialdevelopmenthub.org\/en\/wp-json\/wp\/v2\/media?parent=387"}],"curies":[{"name":"wp","href":"https:\/\/api.w.org\/{rel}","templated":true}]}}

<p>Vera Duarte — Vice-presidente da Mesa da Assembleia Geral Primeira mulher a integrar o Supremo Tribunal de Justiça de Cabo Verde como juíza desembargadora, Vera Duarte foi também Comissária da Comissão Africana dos Direitos Humanos e dos Povos (CADHP), destacando-se pela defesa das liberdades fundamentais no continente africano. Escritora consagrada, a sua obra — que&hellip;&nbsp;</p>
