{"id":399,"date":"2025-10-13T17:31:09","date_gmt":"2025-10-13T18:31:09","guid":{"rendered":"https:\/\/socialdevelopmenthub.org\/?page_id=399"},"modified":"2025-10-13T17:31:10","modified_gmt":"2025-10-13T18:31:10","slug":"leonardo-cunha","status":"publish","type":"page","link":"https:\/\/socialdevelopmenthub.org\/en\/leonardo-cunha\/","title":{"rendered":"Leonardo Cunha"},"content":{"rendered":"<div class=\"wp-block-image\">\n<figure class=\"alignleft size-full\"><img loading=\"lazy\" decoding=\"async\" width=\"350\" height=\"350\" src=\"https:\/\/socialdevelopmenthub.org\/wp-content\/uploads\/2025\/10\/image-14.png\" alt=\"\" class=\"wp-image-400\" srcset=\"https:\/\/socialdevelopmenthub.org\/wp-content\/uploads\/2025\/10\/image-14.png 350w, https:\/\/socialdevelopmenthub.org\/wp-content\/uploads\/2025\/10\/image-14-300x300.png 300w, https:\/\/socialdevelopmenthub.org\/wp-content\/uploads\/2025\/10\/image-14-150x150.png 150w\" sizes=\"auto, (max-width: 350px) 100vw, 350px\" \/><\/figure>\n<\/div>\n\n\n<p><strong>Leonardo Cunha \u2014 Secretary-General of the Board<\/strong><\/p>\n\n\n\n<p>Leonardo Cunha is the manager and founding partner of the WeCare community, with nearly a decade of experience dedicated to human development projects in the areas of Youth, Sports, Olympism, Branding, and Social Entrepreneurship in Cape Verde and Portuguese-speaking countries. He is a professional trainer and has teaching experience in higher education, standing out for his commitment to the Sustainable Development Goals (SDGs). Leonardo Cunha assumes the role of Administration and Project Management.<\/p>","protected":false},"excerpt":{"rendered":"<p>Leonardo Cunha \u2014 Secret\u00e1rio-Geral da Dire\u00e7\u00e3o Leonardo Cunha \u00e9 gestor e s\u00f3cio-fundador da comunidade WeCare, com uma trajet\u00f3ria de quase uma d\u00e9cada dedicada a projetos de desenvolvimento humano nas \u00e1reas da Juventude, Desporto, Olimpismo, Branding e Empreendedorismo Social, em Cabo Verde e nos pa\u00edses de l\u00edngua portuguesa. \u00c9 formador profissional e tem experi\u00eancia docente no&hellip;&nbsp;<\/p>","protected":false},"author":1,"featured_media":0,"parent":0,"menu_order":0,"comment_status":"closed","ping_status":"closed","template":"","meta":{"neve_meta_sidebar":"","neve_meta_container":"","neve_meta_enable_content_width":"","neve_meta_content_width":0,"neve_meta_title_alignment":"","neve_meta_author_avatar":"","neve_post_elements_order":"","neve_meta_disable_header":"","neve_meta_disable_footer":"","neve_meta_disable_title":"","neve_meta_reading_time":"","_themeisle_gutenberg_block_has_review":false,"footnotes":""},"class_list":["post-399","page","type-page","status-publish","hentry"],"_links":{"self":[{"href":"https:\/\/socialdevelopmenthub.org\/en\/wp-json\/wp\/v2\/pages\/399","targetHints":{"allow":["GET"]}}],"collection":[{"href":"https:\/\/socialdevelopmenthub.org\/en\/wp-json\/wp\/v2\/pages"}],"about":[{"href":"https:\/\/socialdevelopmenthub.org\/en\/wp-json\/wp\/v2\/types\/page"}],"author":[{"embeddable":true,"href":"https:\/\/socialdevelopmenthub.org\/en\/wp-json\/wp\/v2\/users\/1"}],"replies":[{"embeddable":true,"href":"https:\/\/socialdevelopmenthub.org\/en\/wp-json\/wp\/v2\/comments?post=399"}],"version-history":[{"count":1,"href":"https:\/\/socialdevelopmenthub.org\/en\/wp-json\/wp\/v2\/pages\/399\/revisions"}],"predecessor-version":[{"id":401,"href":"https:\/\/socialdevelopmenthub.org\/en\/wp-json\/wp\/v2\/pages\/399\/revisions\/401"}],"wp:attachment":[{"href":"https:\/\/socialdevelopmenthub.org\/en\/wp-json\/wp\/v2\/media?parent=399"}],"curies":[{"name":"wp","href":"https:\/\/api.w.org\/{rel}","templated":true}]}}

<p>Leonardo Cunha — Secretário-Geral da Direção Leonardo Cunha é gestor e sócio-fundador da comunidade WeCare, com uma trajetória de quase uma década dedicada a projetos de desenvolvimento humano nas áreas da Juventude, Desporto, Olimpismo, Branding e Empreendedorismo Social, em Cabo Verde e nos países de língua portuguesa. É formador profissional e tem experiência docente no&hellip;&nbsp;</p>
